 - 12. Calculate the remainder when m is divided by n.
13
Let t(l) = 7*l + 10*l + 8*l**2 + 1 - 15*l. Calculate the remainder when t(-2) is divided by 15.
14
Suppose 13*h + 360 = 2076. What is the remainder when h is divided by 45?
42
Suppose 5*u - v + 5 = -10, 3*u + 4*v = -9. What is the remainder when 12 is divided by (1/(-1) - 4/u)*15?
2
Let d be -2 + 184/(-3)*-3. Let c = d + -85. Let x = 149 - c. Calculate the remainder when x is divided by 11.
8
Let h = -58 + 84. Calculate the remainder when 101 is divided by h.
23
Suppose 0*n + 2*y + 30 = 4*n, -5*y - 25 = -5*n. Let t = 25 + n. Let i = -94 - -112. What is the remainder when t is divided by i?
17
Let v = 60 + -41. Let m(h) = 3*h - 10. Let t be m(5). Suppose 0 = -t*k + i + 367, i = 3*k - 105 - 116. What is the remainder when k is divided by v?
16
Suppose -3*m = m + 12. Calculate the remainder when -4 - (((-9)/3 - m) + -50) is divided by 17.
12
Let f be (5/(-2))/(-1)*2. Suppose 31 = 3*u - f*b, b - 4*b + 15 = u. Calculate the remainder when 39 is divided by (u/(-3))/((-4)/10).
9
Let r = 362 + -242. What is the remainder when r is divided by 64?
56
Let b be 568/(-3)*(-9)/6. Suppose -k + 64 = 3*v, -3*k - b = -7*k - 5*v. Suppose i = 5*i - k. What is the remainder when 74 is divided by i?
17
Suppose -91 = -13*r + 52. What is the remainder when 74 is divided by r?
8
Calculate the remainder when 179 is divided by 2/(6/42*1) - 5.
8
Let l be 1*(0 - (-4 - -2)). Suppose -3*j + 41 = 2*o, l*o + 28 = 2*j + 4*o. What is the remainder when j is divided by 4?
1
Let t = 10 - 43. Suppose 5*h + 3*d - 188 = 0, 0*d - d + 112 = 3*h. Let c = h + t. Calculate the remainder when 5 is divided by c.
1
Let o(a) = a**2 - a - 8. Let m be o(-6). Suppose -10 = -4*r + m. What is the remainder when 43 is divided by r?
10
Let f = 50 - 45. Calculate the remainder when 35 is divided by -4*f*(-6 + 11/2).
5
Calculate the remainder when 2/1 - (-1340)/4 is divided by 10.
7
Let z = 98 + -60. Let j = z - 20. What is the remainder when j is divided by 11?
7
Suppose 1 = 2*o - 3. Suppose -o*j + 59 = 19. What is the remainder when 35 is divided by j?
15
Suppose 3*z + 4*o - 22 = 0, 0 = -z + 4*o + 17 + 1. Let d(m) = 7 - z + 0 - 20*m. What is the remainder when 48 is divided by d(-1)?
14
Suppose 12*n - 2684 = 8*n. What is the remainder when n is divided by 42?
41
Suppose -224*c + 229*c - 10 = -3*f, -5*f + 38 = 3*c. Let p = 180 - 39. Suppose -r + p = 2*r. What is the remainder when r is divided by f?
7
Let r = 303 + -177. Calculate the remainder when r is divided by 13.
9
Suppose 2*r + r - 411 = 0. Suppose -4 - 24 = -2*m - 2*t, 2*m + t = 34. Calculate the remainder when r is divided by m.
17
Suppose -5*y = -4*k - 0*k - 290, -5*k + 87 = y. Suppose 14 + y = 4*w. What is the remainder when w is divided by 7?
5
Let z be 2/(-2) + -8 + -2. Let y(t) = t**3 + 11*t**2 - 6*t - 12. Let l be y(z). Suppose -r - 24 = -l. Calculate the remainder when 117 is divided by r.
27
Calculate the remainder when -2 + 2 - (3 + -68 + 0) is divided by 22.
21
Let u(k) = 21*k. Let f(p) = -p**3 - 9*p**2 - 8*p + 1. Let v be f(-8). Let n be u(v). Calculate the remainder when 29 is divided by 201/n + (-9)/(-21).
9
Let i(u) = 4*u - 2*u - 3*u + 4 + 4*u. What is the remainder when i(19) is divided by 16?
13
What is the remainder when (1 - -115) + -74 + 76 is divided by 11?
8
Suppose -342 = -4*p - 2*x, -p + 3*x = 6*x - 73. Suppose b = -3*b + p. Suppose 4*q = 45 + 123. What is the remainder when q is divided by b?
20
Let q = -7 + 4. Calculate the remainder when 67 is divided by (2 - q)*(-136)/(-20).
33
Suppose 5*o = -4*b + 39, 3*o + 25 = 3*b - 11. Suppose s - 4 = 1, p + s - 12 = 0. What is the remainder when b is divided by p?
4
Let a(u) = 4*u**2 + 2*u - 1. Suppose h + 5 = 11. Calculate the remainder when a(-2) is divided by h.
5
Suppose -5*p + 8 + 17 = 0. Calculate the remainder when (-6)/9*81/(-2) is divided by p.
2
Let h = 6 - 36. Let i = h + 52. What is the remainder when 87/1 - (0 + 2) is divided by i?
19
What is the remainder when 30 is divided by (12/9)/(4/24)?
6
Let f(x) be the first derivative of 17*x**2/2 + 13*x - 4. What is the remainder when f(3) is divided by 13?
12
Let k = 1 + 7. Let r(g) = g**3 - 7*g**2 + 2*g + 13. What is the remainder when r(k) is divided by 19?
17
Suppose 0*r - 5*r + 20 = 0. Let q = 183 + -128. What is the remainder when q is divided by 12 + -1 + 4 + r?
17
Suppose -3*s = -83*n + 87*n - 35, -s = -2*n + 15. Calculate the remainder when 20 is divided by n.
4
Let i = 1801 - 1742. Calculate the remainder when 470 is divided by i.
57
Suppose -3*c = -122 + 11. Calculate the remainder when c is divided by 14.
9
Suppose -5*n + 0*n + 665 = -3*s, -3*n - 4*s + 370 = 0. Calculate the remainder when n is divided by 20.
10
Let k = -5 - -6. Suppose 0 = 4*p + 17 - k, -5*p = 4*b - 260. What is the remainder when b is divided by 540/(-80)*(-16)/6?
16
Suppose 34 = 3*z + 4*l - 6*l, 3*z = -4*l + 40. What is the remainder when 118 is divided by z?
10
Let z = 19 + -6. Suppose 7*l + 29 = -34. Calculate the remainder when z is divided by (-34)/(-9) + (-2)/l.
1
Let i = -316 - -320. Suppose 12 + 49 = u. What is the remainder when u is divided by (-40 + 26)/(i/1)*-6?
19
Let d be 3*8*-6*-1. Suppose -2*g - 4*g + d = 0. Calculate the remainder when 92 is divided by g.
20
Suppose 2*q = 2*h - 44, 3*h - 16*q = -12*q + 60. Suppose v + b = -2*b + 6, 30 = 5*v - 2*b. Let k = 16 - v. Calculate the remainder when h is divided by k.
8
Let t(i) = i**2 - 25*i - 348. Let z(w) = 24*w + 1. What is the remainder when t(37) is divided by z(1)?
21
Let t be (-2)/(-1) + (-4 - -5). Suppose t*p + 25 = 8*p. Suppose 0 = p*y - 66 - 49. What is the remainder when y is divided by 8?
7
Suppose -20 = -3*t + 2*y, -9 = 2*t - 4*t - 3*y. Suppose 2*r + 0 - 9 = 5*v, -7 = v - 3*r. Let j(k) = 33*k**2. Calculate the remainder when j(v) is divided by t.
3
Calculate the remainder when -2 + 344/6 + (-8)/24 is divided by 15.
10
Suppose -5*u + 225 = -170. Suppose 5*c = 81 + u. Calculate the remainder when c is divided by 9.
5
Let m(f) = -f**2 + 5*f + 2. Let q be m(5). Suppose 0*n - 10 = -q*n. Suppose r - n*r + 68 = 0. Calculate the remainder when 65 is divided by r.
14
Let a be 10 + 0 + 0/4. Let z = -12 + 16. Suppose r - a = -3*r - c, -z*r = -4*c - 20. Calculate the remainder when r is divided by 2.
1
Let i be 3/6 + (-300)/(-8). Let k = 56 - i. Calculate the remainder when k is divided by 10.
8
Suppose -2*f + 32 = -2*i, -2*f + 36 = -f - 5*i. Suppose -w - 2*u = -7, u = -3*w + 5*u + f. What is the remainder when -3 + 12 - 2/2 is divided by w?
3
Suppose 32*q - 22*q - 280 = 0. What is the remainder when 136 is divided by q?
24
Let v = 110 + -106. Suppose 30 = 2*o - v*i, o + 2*i - 21 = -2*o. Calculate the remainder when 51 is divided by o.
6
Let r = -8 + 15. Let i = 171 - 166. What is the remainder when r is divided by i?
2
Suppose 3*j = 3, -3*x - x + 3 = -j. Suppose 0 = -3*h + 4*h - 4*a - 2, x = a. What is the remainder when 16 is divided by h?
4
Suppose -19*c - 104*c = -4059. Calculate the remainder when 100 is divided by c.
1
Suppose 2 = 2*k, -3*k + 18 = -43*t + 48*t. What is the remainder when 210 is divided by t?
0
Let y be (1*15/(-10)*4)/(-2). Suppose -70 = -y*g + 5*w, 0 = g + 4*g - 5*w - 120. Calculate the remainder when g is divided by 13.
12
Let o = -65 - -110. What is the remainder when 132 is divided by o?
42
Let s(u) = u**3 - 20*u**2 - 37*u - 1. Calculate the remainder when s(22) is divided by 27.
18
Suppose 0 = x - 4*x + 3*w + 93, -w + 1 = 0. Suppose s + 4 = 0, 0*a - 4*s - 6 = 2*a. Suppose 126 = a*k - 3*k. What is the remainder when k is divided by x?
31
Suppose 0 = -2*h + 10*h + 8. Let v = h - -39. What is the remainder when 148 is divided by v?
34
Let o = 484 + -460. Calculate the remainder when 166 is divided by o.
22
Let y = -604 - -789. What is the remainder when y is divided by 31?
30
Let n(q) = q**2 + 11*q + 47. What is the remainder when n(-5) is divided by 11?
6
Let h(k) = -2*k**2 - 88*k - 318. What is the remainder when 84 is divided by h(-39)?
12
Let n(g) = -g**3 - 5*g**2 - 3*g - 2. Suppose 11*d - 16 = 17. Suppose -33 = -4*b + d*u, 0*u + 25 = 3*b - 2*u. Calculate the remainder when n(-5) is divided by b.
4
Let t(s) = -76*s - 115. Calculate the remainder when t(-3) is divided by 15.
8
Let w = -100 